{"version":"1.0","provider_name":"FESTRAM","provider_url":"https:\/\/municipales.org.ar\/festram","author_name":"mun_admin","author_url":"https:\/\/municipales.org.ar\/festram\/author\/mun_admin\/","title":"Conciliaci\u00f3n Obligatoria en el conflicto de Las Rosas &#8211; FESTRAM","type":"rich","width":600,"height":338,"html":"<blockquote class=\"wp-embedded-content\" data-secret=\"7T1Av6zVGd\"><a href=\"https:\/\/municipales.org.ar\/festram\/conciliacion-obligatoria-en-el-conflicto-de-las-rosas\/\">Conciliaci\u00f3n Obligatoria en el conflicto de Las Rosas<\/a><\/blockquote><iframe sandbox=\"allow-scripts\" security=\"restricted\" src=\"https:\/\/municipales.org.ar\/festram\/conciliacion-obligatoria-en-el-conflicto-de-las-rosas\/embed\/#?secret=7T1Av6zVGd\" width=\"600\" height=\"338\" title=\"\u00abConciliaci\u00f3n Obligatoria en el conflicto de Las Rosas\u00bb \u2014 FESTRAM\" data-secret=\"7T1Av6zVGd\" frameborder=\"0\" marginwidth=\"0\" marginheight=\"0\" scrolling=\"no\" class=\"wp-embedded-content\"><\/iframe><script type=\"text\/javascript\">\n\/* <![CDATA[ *\/\n\/*! This file is auto-generated *\/\n!function(d,l){\"use strict\";l.querySelector&&d.addEventListener&&\"undefined\"!=typeof URL&&(d.wp=d.wp||{},d.wp.receiveEmbedMessage||(d.wp.receiveEmbedMessage=function(e){var t=e.data;if((t||t.secret||t.message||t.value)&&!\/[^a-zA-Z0-9]\/.test(t.secret)){for(var s,r,n,a=l.querySelectorAll('iframe[data-secret=\"'+t.secret+'\"]'),o=l.querySelectorAll('blockquote[data-secret=\"'+t.secret+'\"]'),c=new RegExp(\"^https?:$\",\"i\"),i=0;i<o.length;i++)o[i].style.display=\"none\";for(i=0;i<a.length;i++)s=a[i],e.source===s.contentWindow&&(s.removeAttribute(\"style\"),\"height\"===t.message?(1e3<(r=parseInt(t.value,10))?r=1e3:~~r<200&&(r=200),s.height=r):\"link\"===t.message&&(r=new URL(s.getAttribute(\"src\")),n=new URL(t.value),c.test(n.protocol))&&n.host===r.host&&l.activeElement===s&&(d.top.location.href=t.value))}},d.addEventListener(\"message\",d.wp.receiveEmbedMessage,!1),l.addEventListener(\"DOMContentLoaded\",function(){for(var e,t,s=l.querySelectorAll(\"iframe.wp-embedded-content\"),r=0;r<s.length;r++)(t=(e=s[r]).getAttribute(\"data-secret\"))||(t=Math.random().toString(36).substring(2,12),e.src+=\"#?secret=\"+t,e.setAttribute(\"data-secret\",t)),e.contentWindow.postMessage({message:\"ready\",secret:t},\"*\")},!1)))}(window,document);\n\/* ]]> *\/\n<\/script>\n","thumbnail_url":"https:\/\/municipales.org.ar\/festram\/wp-content\/uploads\/2023\/06\/QH6KMZYTP5EWRI4OXQYYOJF26I.jpg","thumbnail_width":1920,"thumbnail_height":1080,"description":"Luego de la reuni\u00f3n convocada a las partes involucradas en el conflicto de Las Rosas, el Ministerio de Trabajo de la Provincia dict\u00f3 la Conciliaci\u00f3n Obligatoria por el plazo de 15 d\u00edas h\u00e1biles, o sea, hasta la hora 24 del d\u00eda 7\/7\/2023"}

Conciliación Obligatoria en el conflicto de Las Rosas &#8211; FESTRAM

<blockquote class="wp-embedded-content" data-secret="7T1Av6zVGd"><a href="https://municipales.org.ar/festram/conciliacion-obligatoria-en-el-conflicto-de-las-rosas/">Conciliación Obligatoria en el conflicto de Las Rosas</a></blockquote><iframe sandbox="allow-scripts" security="restricted" src="https://municipales.org.ar/festram/conciliacion-obligatoria-en-el-conflicto-de-las-rosas/embed/#?secret=7T1Av6zVGd" width="600" height="338" title="«Conciliación Obligatoria en el conflicto de Las Rosas» — FESTRAM" data-secret="7T1Av6zVGd" frameborder="0" marginwidth="0" marginheight="0" scrolling="no" class="wp-embedded-content"></iframe><script type="text/javascript">
/* <![CDATA[ */
/*! This file is auto-generated */
!function(d,l){"use strict";l.querySelector&&d.addEventListener&&"undefined"!=typeof URL&&(d.wp=d.wp||{},d.wp.receiveEmbedMessage||(d.wp.receiveEmbedMessage=function(e){var t=e.data;if((t||t.secret||t.message||t.value)&&!/[^a-zA-Z0-9]/.test(t.secret)){for(var s,r,n,a=l.querySelectorAll('iframe[data-secret="'+t.secret+'"]'),o=l.querySelectorAll('blockquote[data-secret="'+t.secret+'"]'),c=new RegExp("^https?:$","i"),i=0;i<o.length;i++)o[i].style.display="none";for(i=0;i<a.length;i++)s=a[i],e.source===s.contentWindow&&(s.removeAttribute("style"),"height"===t.message?(1e3<(r=parseInt(t.value,10))?r=1e3:~~r<200&&(r=200),s.height=r):"link"===t.message&&(r=new URL(s.getAttribute("src")),n=new URL(t.value),c.test(n.protocol))&&n.host===r.host&&l.activeElement===s&&(d.top.location.href=t.value))}},d.addEventListener("message",d.wp.receiveEmbedMessage,!1),l.addEventListener("DOMContentLoaded",function(){for(var e,t,s=l.querySelectorAll("iframe.wp-embedded-content"),r=0;r<s.length;r++)(t=(e=s[r]).getAttribute("data-secret"))||(t=Math.random().toString(36).substring(2,12),e.src+="#?secret="+t,e.setAttribute("data-secret",t)),e.contentWindow.postMessage({message:"ready",secret:t},"*")},!1)))}(window,document);
/* ]]> */
</script>

Luego de la reunión convocada a las partes involucradas en el conflicto de Las Rosas, el Ministerio de Trabajo de la Provincia dictó la Conciliación Obligatoria por el plazo de 15 días hábiles, o sea, hasta la hora 24 del día 7/7/2023
