{"version":"1.0","provider_name":"FESTRAM","provider_url":"https:\/\/municipales.org.ar\/festram","author_name":"mun_admin","author_url":"https:\/\/municipales.org.ar\/festram\/author\/mun_admin\/","title":"FESTRAM suscribi\u00f3 con la Provincia un convenio de capacitaci\u00f3n &#8211; FESTRAM","type":"rich","width":600,"height":338,"html":"<blockquote class=\"wp-embedded-content\" data-secret=\"VTFGa2Wnhk\"><a href=\"https:\/\/municipales.org.ar\/festram\/festram-suscribio-la-provincia-convenio-capacitacion\/\">FESTRAM suscribi\u00f3 con la Provincia un convenio de capacitaci\u00f3n<\/a><\/blockquote><iframe sandbox=\"allow-scripts\" security=\"restricted\" src=\"https:\/\/municipales.org.ar\/festram\/festram-suscribio-la-provincia-convenio-capacitacion\/embed\/#?secret=VTFGa2Wnhk\" width=\"600\" height=\"338\" title=\"\u00abFESTRAM suscribi\u00f3 con la Provincia un convenio de capacitaci\u00f3n\u00bb \u2014 FESTRAM\" data-secret=\"VTFGa2Wnhk\" frameborder=\"0\" marginwidth=\"0\" marginheight=\"0\" scrolling=\"no\" class=\"wp-embedded-content\"><\/iframe><script type=\"text\/javascript\">\n\/* <![CDATA[ *\/\n\/*! This file is auto-generated *\/\n!function(d,l){\"use strict\";l.querySelector&&d.addEventListener&&\"undefined\"!=typeof URL&&(d.wp=d.wp||{},d.wp.receiveEmbedMessage||(d.wp.receiveEmbedMessage=function(e){var t=e.data;if((t||t.secret||t.message||t.value)&&!\/[^a-zA-Z0-9]\/.test(t.secret)){for(var s,r,n,a=l.querySelectorAll('iframe[data-secret=\"'+t.secret+'\"]'),o=l.querySelectorAll('blockquote[data-secret=\"'+t.secret+'\"]'),c=new RegExp(\"^https?:$\",\"i\"),i=0;i<o.length;i++)o[i].style.display=\"none\";for(i=0;i<a.length;i++)s=a[i],e.source===s.contentWindow&&(s.removeAttribute(\"style\"),\"height\"===t.message?(1e3<(r=parseInt(t.value,10))?r=1e3:~~r<200&&(r=200),s.height=r):\"link\"===t.message&&(r=new URL(s.getAttribute(\"src\")),n=new URL(t.value),c.test(n.protocol))&&n.host===r.host&&l.activeElement===s&&(d.top.location.href=t.value))}},d.addEventListener(\"message\",d.wp.receiveEmbedMessage,!1),l.addEventListener(\"DOMContentLoaded\",function(){for(var e,t,s=l.querySelectorAll(\"iframe.wp-embedded-content\"),r=0;r<s.length;r++)(t=(e=s[r]).getAttribute(\"data-secret\"))||(t=Math.random().toString(36).substring(2,12),e.src+=\"#?secret=\"+t,e.setAttribute(\"data-secret\",t)),e.contentWindow.postMessage({message:\"ready\",secret:t},\"*\")},!1)))}(window,document);\n\/* ]]> *\/\n<\/script>\n","thumbnail_url":"https:\/\/municipales.org.ar\/festram\/wp-content\/uploads\/2017\/08\/2017-08-09NID_258527O_1.jpeg","thumbnail_width":1920,"thumbnail_height":1080,"description":"El ministro de Gobierno y Reforma del Estado, Pablo Far\u00edas, y el secretario General de la Federaci\u00f3n de Sindicatos de Trabajadores Municipales de la provincia de Santa Fe (Festram), Claudio Leoni, suscribieron este mi\u00e9rcoles un convenio de cooperaci\u00f3n para la realizaci\u00f3n de capacitaciones en el marco de Gobiern@, la Escuela de Municipios y Comunas de la provincia de Santa Fe."}

FESTRAM suscribió con la Provincia un convenio de capacitación &#8211; FESTRAM

<blockquote class="wp-embedded-content" data-secret="VTFGa2Wnhk"><a href="https://municipales.org.ar/festram/festram-suscribio-la-provincia-convenio-capacitacion/">FESTRAM suscribió con la Provincia un convenio de capacitación</a></blockquote><iframe sandbox="allow-scripts" security="restricted" src="https://municipales.org.ar/festram/festram-suscribio-la-provincia-convenio-capacitacion/embed/#?secret=VTFGa2Wnhk" width="600" height="338" title="«FESTRAM suscribió con la Provincia un convenio de capacitación» — FESTRAM" data-secret="VTFGa2Wnhk" frameborder="0" marginwidth="0" marginheight="0" scrolling="no" class="wp-embedded-content"></iframe><script type="text/javascript">
/* <![CDATA[ */
/*! This file is auto-generated */
!function(d,l){"use strict";l.querySelector&&d.addEventListener&&"undefined"!=typeof URL&&(d.wp=d.wp||{},d.wp.receiveEmbedMessage||(d.wp.receiveEmbedMessage=function(e){var t=e.data;if((t||t.secret||t.message||t.value)&&!/[^a-zA-Z0-9]/.test(t.secret)){for(var s,r,n,a=l.querySelectorAll('iframe[data-secret="'+t.secret+'"]'),o=l.querySelectorAll('blockquote[data-secret="'+t.secret+'"]'),c=new RegExp("^https?:$","i"),i=0;i<o.length;i++)o[i].style.display="none";for(i=0;i<a.length;i++)s=a[i],e.source===s.contentWindow&&(s.removeAttribute("style"),"height"===t.message?(1e3<(r=parseInt(t.value,10))?r=1e3:~~r<200&&(r=200),s.height=r):"link"===t.message&&(r=new URL(s.getAttribute("src")),n=new URL(t.value),c.test(n.protocol))&&n.host===r.host&&l.activeElement===s&&(d.top.location.href=t.value))}},d.addEventListener("message",d.wp.receiveEmbedMessage,!1),l.addEventListener("DOMContentLoaded",function(){for(var e,t,s=l.querySelectorAll("iframe.wp-embedded-content"),r=0;r<s.length;r++)(t=(e=s[r]).getAttribute("data-secret"))||(t=Math.random().toString(36).substring(2,12),e.src+="#?secret="+t,e.setAttribute("data-secret",t)),e.contentWindow.postMessage({message:"ready",secret:t},"*")},!1)))}(window,document);
/* ]]> */
</script>

El ministro de Gobierno y Reforma del Estado, Pablo Farías, y el secretario General de la Federación de Sindicatos de Trabajadores Municipales de la provincia de Santa Fe (Festram), Claudio Leoni, suscribieron este miércoles un convenio de cooperación para la realización de capacitaciones en el marco de Gobiern@, la Escuela de Municipios y Comunas de la provincia de Santa Fe.
