{"version":"1.0","provider_name":"FESTRAM","provider_url":"https:\/\/municipales.org.ar\/festram","author_name":"mun_admin","author_url":"https:\/\/municipales.org.ar\/festram\/author\/mun_admin\/","title":"II Torneo de Ajedrez \u201cRotas Cadenas\u201d &#8211; FESTRAM","type":"rich","width":600,"height":338,"html":"<blockquote class=\"wp-embedded-content\" data-secret=\"dC2YKEI7Pm\"><a href=\"https:\/\/municipales.org.ar\/festram\/ii-torneo-de-ajedrez-rotas-cadenas\/\">II Torneo de Ajedrez \u201cRotas Cadenas\u201d<\/a><\/blockquote><iframe sandbox=\"allow-scripts\" security=\"restricted\" src=\"https:\/\/municipales.org.ar\/festram\/ii-torneo-de-ajedrez-rotas-cadenas\/embed\/#?secret=dC2YKEI7Pm\" width=\"600\" height=\"338\" title=\"\u00abII Torneo de Ajedrez \u201cRotas Cadenas\u201d\u00bb \u2014 FESTRAM\" data-secret=\"dC2YKEI7Pm\" frameborder=\"0\" marginwidth=\"0\" marginheight=\"0\" scrolling=\"no\" class=\"wp-embedded-content\"><\/iframe><script type=\"text\/javascript\">\n\/* <![CDATA[ *\/\n\/*! This file is auto-generated *\/\n!function(d,l){\"use strict\";l.querySelector&&d.addEventListener&&\"undefined\"!=typeof URL&&(d.wp=d.wp||{},d.wp.receiveEmbedMessage||(d.wp.receiveEmbedMessage=function(e){var t=e.data;if((t||t.secret||t.message||t.value)&&!\/[^a-zA-Z0-9]\/.test(t.secret)){for(var s,r,n,a=l.querySelectorAll('iframe[data-secret=\"'+t.secret+'\"]'),o=l.querySelectorAll('blockquote[data-secret=\"'+t.secret+'\"]'),c=new RegExp(\"^https?:$\",\"i\"),i=0;i<o.length;i++)o[i].style.display=\"none\";for(i=0;i<a.length;i++)s=a[i],e.source===s.contentWindow&&(s.removeAttribute(\"style\"),\"height\"===t.message?(1e3<(r=parseInt(t.value,10))?r=1e3:~~r<200&&(r=200),s.height=r):\"link\"===t.message&&(r=new URL(s.getAttribute(\"src\")),n=new URL(t.value),c.test(n.protocol))&&n.host===r.host&&l.activeElement===s&&(d.top.location.href=t.value))}},d.addEventListener(\"message\",d.wp.receiveEmbedMessage,!1),l.addEventListener(\"DOMContentLoaded\",function(){for(var e,t,s=l.querySelectorAll(\"iframe.wp-embedded-content\"),r=0;r<s.length;r++)(t=(e=s[r]).getAttribute(\"data-secret\"))||(t=Math.random().toString(36).substring(2,12),e.src+=\"#?secret=\"+t,e.setAttribute(\"data-secret\",t)),e.contentWindow.postMessage({message:\"ready\",secret:t},\"*\")},!1)))}(window,document);\n\/* ]]> *\/\n<\/script>\n","thumbnail_url":"https:\/\/municipales.org.ar\/festram\/wp-content\/uploads\/2018\/07\/36968083_624865251217939_7554402819994812416_o.jpg","thumbnail_width":2048,"thumbnail_height":1365,"description":"El evento se llev\u00f3 a cabo el D\u00eda de la Independencia. \"La casa de los trabajadores municipales se abri\u00f3 tal cual el nueve de julio de 1816. En ese espacioEl torneo impulsado por la Federaci\u00f3n Santafesina de Ajedrez Social estuvo pautado para realizarse desde la ma\u00f1ana del 9 de julio."}

El evento se llevó a cabo el Día de la Independencia. "La casa de los trabajadores municipales se abrió tal cual el nueve de julio de 1816. En ese espacioEl torneo impulsado por la Federación Santafesina de Ajedrez Social estuvo pautado para realizarse desde la mañana del 9 de julio.
